{"id":16128,"date":"2019-09-18T23:26:25","date_gmt":"2019-09-19T04:26:25","guid":{"rendered":"http:\/\/santamargarita.edu.pe\/web3\/?page_id=16128"},"modified":"2025-01-20T15:06:42","modified_gmt":"2025-01-20T20:06:42","slug":"familia-colegio","status":"publish","type":"page","link":"https:\/\/santamargarita.edu.pe\/web3\/familia-colegio\/","title":{"rendered":"Familia-Colegio"},"content":{"rendered":"<div id=\"cmsmasters_row_95ag5uktw\" class=\"cmsmasters_row cmsmasters_color_scheme_default cmsmasters_row_top_default cmsmasters_row_bot_default cmsmasters_row_boxed\">\n<div class=\"cmsmasters_row_outer_parent\">\n<div class=\"cmsmasters_row_outer\">\n<div class=\"cmsmasters_row_inner\">\n<div class=\"cmsmasters_row_margin\">\n<div id=\"cmsmasters_column_zk5omchj7\" class=\"cmsmasters_column one_first\">\n<div class=\"cmsmasters_column_inner\"><div id=\"cmsmasters_heading_4wos9lwqux\" class=\"cmsmasters_heading_wrap cmsmasters_heading_align_center title-page\">\n\t<h1 class=\"cmsmasters_heading\">Una alianza, un prop\u00f3sito<\/h1>\n<\/div>\n<\/div><\/div>\n<\/div>\n<\/div>\n<\/div>\n<\/div>\n<\/div>\n<div id=\"cmsmasters_row_fluu4ucp8f\" class=\"cmsmasters_row cmsmasters_color_scheme_default cmsmasters_row_top_default cmsmasters_row_bot_default cmsmasters_row_boxed\">\n<div class=\"cmsmasters_row_outer_parent\">\n<div class=\"cmsmasters_row_outer\">\n<div class=\"cmsmasters_row_inner\">\n<div class=\"cmsmasters_row_margin\">\n<div id=\"cmsmasters_column_ebiuwb92r\" class=\"cmsmasters_column one_first\">\n<div class=\"cmsmasters_column_inner\"><div id=\"cmsmasters_heading_34mp7a15nc\" class=\"cmsmasters_heading_wrap cmsmasters_heading_align_center\">\n\t<h5 class=\"cmsmasters_heading\">La formaci\u00f3n integral de un ni\u00f1o involucra a los padres como primeros educadores. Nuestra tarea como colegio es complementaria y de mutua colaboraci\u00f3n. Como colegio esperamos que los padres cumplan con ilusi\u00f3n y entrega sus propios deberes, conf\u00eden en los profesores y les deleguen autoridad.<\/h5>\n<\/div>\n<\/div><\/div>\n<\/div>\n<\/div>\n<\/div>\n<\/div>\n<\/div>\n<div id=\"cmsmasters_row_5gvkg7ygcz\" class=\"cmsmasters_row cmsmasters_color_scheme_default cmsmasters_scroll_block cmsmasters_row_top_default cmsmasters_row_bot_default cmsmasters_row_boxed\">\n<div class=\"cmsmasters_row_outer_parent\">\n<div class=\"cmsmasters_row_outer\">\n<div class=\"cmsmasters_row_inner\">\n<div class=\"cmsmasters_row_margin\">\n<div id=\"cmsmasters_column_fq0w6b1hbr\" class=\"cmsmasters_column one_first\">\n<div class=\"cmsmasters_column_inner\"><div id=\"cmsmasters_heading_pn8q62i7qa\" class=\"cmsmasters_heading_wrap cmsmasters_heading_align_center\">\n\t<h2 class=\"cmsmasters_heading\">Departamento de Familia<\/h2>\n<\/div><div class=\"aligncenter\"><div class=\"cmsmasters_img  cmsmasters_image_c\"><img decoding=\"async\" src=\"https:\/\/santamargarita.edu.pe\/web3\/wp-content\/uploads\/2019\/09\/line.png\" \/><\/div><\/div>\n<div id=\"cmsmasters_divider_xo04rkc9li\" class=\"cl\"><\/div>\n<div class=\"cmsmasters_text text-blue\">\n<p style=\"text-align: justify;\">Promueve espacios y materiales de formaci\u00f3n para los padres de familia con el objetivo de fortalecer el v\u00ednculo conyugal, afianzar la crianza de los hijos y hacer m\u00e1s eficaz el manejo del hogar. Coordina adem\u00e1s distintas iniciativas de formaci\u00f3n orientadas a los padres como talleres, cursos y charlas.<\/p>\n<\/div>\n<\/div><\/div>\n<\/div>\n<\/div>\n<\/div>\n<\/div>\n<\/div>\n<div id=\"cmsmasters_row_vp8puugkde\" class=\"cmsmasters_row cmsmasters_color_scheme_default cmsmasters_scroll_block cmsmasters_row_top_default cmsmasters_row_bot_default cmsmasters_row_boxed\">\n<div class=\"cmsmasters_row_outer_parent\">\n<div class=\"cmsmasters_row_outer\">\n<div class=\"cmsmasters_row_inner\">\n<div class=\"cmsmasters_row_margin\">\n<div id=\"cmsmasters_column_z6yna1v61\" class=\"cmsmasters_column one_half\">\n<div class=\"cmsmasters_column_inner\"><div id=\"cmsmasters_heading_lw6vjfjs3k\" class=\"cmsmasters_heading_wrap cmsmasters_heading_align_left\">\n\t<h3 class=\"cmsmasters_heading\">Formaci\u00f3n para padres<\/h3>\n<\/div><div class=\"cmsmasters_text text-blue\">\n<p style=\"text-align: justify;\">Como parte del trabajo conjunto ofrecemos una serie de espacios de orientaci\u00f3n para padres como: Aula para Mam\u00e1s, Taller de Padres Comprometidos, charlas Entre Padres. Adem\u00e1s, tenemos actividades extras como cursos de preparaci\u00f3n para la Primera Comuni\u00f3n o Confirmaci\u00f3n y contamos con el Aula Empresarial, un taller gratuito en convenio con el PAD de la Universidad de Piura.<\/p>\n<\/div>\n<\/div><\/div>\n<div id=\"cmsmasters_column_7b10o7qbg\" class=\"cmsmasters_column one_half\">\n<div class=\"cmsmasters_column_inner\"><div class=\"aligncenter\"><div class=\"cmsmasters_img  cmsmasters_image_c\"><img decoding=\"async\" src=\"https:\/\/santamargarita.edu.pe\/web3\/wp-content\/uploads\/2019\/11\/img-formacion-padres.jpg\" \/><\/div><\/div>\n<\/div><\/div>\n<\/div>\n<\/div>\n<\/div>\n<\/div>\n<\/div>\n<div id=\"cmsmasters_row_xvfbtny5j8\" class=\"cmsmasters_row cmsmasters_color_scheme_default cmsmasters_row_top_default cmsmasters_row_bot_default cmsmasters_row_boxed\">\n<div class=\"cmsmasters_row_outer_parent\">\n<div class=\"cmsmasters_row_outer\">\n<div class=\"cmsmasters_row_inner\">\n<div class=\"cmsmasters_row_margin\">\n<div id=\"cmsmasters_column_n5ypv0qg5p\" class=\"cmsmasters_column one_first\">\n<div class=\"cmsmasters_column_inner\"><div id=\"cmsmasters_heading_8o5u023w4f\" class=\"cmsmasters_heading_wrap cmsmasters_heading_align_center\">\n\t<h2 class=\"cmsmasters_heading\">Matrimonios Coordinadores<\/h2>\n<\/div><div class=\"aligncenter\"><div class=\"cmsmasters_img  cmsmasters_image_c\"><img decoding=\"async\" src=\"https:\/\/santamargarita.edu.pe\/web3\/wp-content\/uploads\/2019\/09\/line.png\" \/><\/div><\/div>\n<\/div><\/div>\n<\/div>\n<\/div>\n<\/div>\n<\/div>\n<\/div>\n<div id=\"cmsmasters_row_9alajgr1mu\" class=\"cmsmasters_row cmsmasters_color_scheme_default cmsmasters_row_top_default cmsmasters_row_bot_default cmsmasters_row_boxed\">\n<div class=\"cmsmasters_row_outer_parent\">\n<div class=\"cmsmasters_row_outer\">\n<div class=\"cmsmasters_row_inner\">\n<div class=\"cmsmasters_row_margin\">\n<div id=\"cmsmasters_column_51jnp0p8c\" class=\"cmsmasters_column one_half\">\n<div class=\"cmsmasters_column_inner\"><div class=\"cmsmasters_text text-blue\">\n<p style=\"text-align: justify;\">Cada a\u00f1o, los padres de cada grado eligen un <strong>matrimonio coordinador<\/strong> para que voluntariamente:<\/p>\n<ul>\n<li style=\"text-align: justify;\">Sean un nexo con las autoridades del colegio.<\/li>\n<li style=\"text-align: justify;\">Se re\u00fanan cada mes para abordar temas de inter\u00e9s y recibir informaci\u00f3n acerca de las actividades que se realizan.<\/li>\n<li style=\"text-align: justify;\">Integren a las familias de su promoci\u00f3n para generar un clima de confianza, respeto mutuo y sana convivencia.<\/li>\n<li style=\"text-align: justify;\">Acojan a las familias nuevas para ayudarles en su integraci\u00f3n a la nueva cultura institucional.<\/li>\n<\/ul>\n<\/div>\n<\/div><\/div>\n<div id=\"cmsmasters_column_zj8q2wz14g\" class=\"cmsmasters_column one_half\">\n<div class=\"cmsmasters_column_inner\"><div class=\"aligncenter\"><div class=\"cmsmasters_img  cmsmasters_image_c\"><img decoding=\"async\" src=\"https:\/\/santamargarita.edu.pe\/web3\/wp-content\/uploads\/2019\/11\/img-matrimonios-coordinadores.jpg\" \/><\/div><\/div>\n<\/div><\/div>\n<\/div>\n<\/div>\n<\/div>\n<\/div>\n<\/div>\n<div id=\"cmsmasters_row_mmcwv85nn\" class=\"cmsmasters_row cmsmasters_color_scheme_default cmsmasters_scroll_block cmsmasters_row_top_default cmsmasters_row_bot_default cmsmasters_row_boxed\">\n<div class=\"cmsmasters_row_outer_parent\">\n<div class=\"cmsmasters_row_outer\">\n<div class=\"cmsmasters_row_inner\">\n<div class=\"cmsmasters_row_margin\">\n<div id=\"cmsmasters_column_g9kgaoaodv\" class=\"cmsmasters_column one_first\">\n<div class=\"cmsmasters_column_inner\"><div id=\"cmsmasters_heading_5nrc7mw4m\" class=\"cmsmasters_heading_wrap cmsmasters_heading_align_left\">\n\t<h2 class=\"cmsmasters_heading\">Entrevistas<\/h2>\n<\/div><div class=\"cmsmasters_img  cmsmasters_image_l\"><img decoding=\"async\" src=\"https:\/\/santamargarita.edu.pe\/web3\/wp-content\/uploads\/2019\/09\/line.png\" \/><\/div>\n<\/div><\/div>\n<\/div>\n<\/div>\n<\/div>\n<\/div>\n<\/div>\n<div id=\"cmsmasters_row_vbt9og5j9\" class=\"cmsmasters_row cmsmasters_color_scheme_default cmsmasters_scroll_block cmsmasters_row_top_default cmsmasters_row_bot_default cmsmasters_row_boxed\">\n<div class=\"cmsmasters_row_outer_parent\">\n<div class=\"cmsmasters_row_outer\">\n<div class=\"cmsmasters_row_inner\">\n<div class=\"cmsmasters_row_margin\">\n<div id=\"cmsmasters_column_kw5j2e7as9\" class=\"cmsmasters_column one_half\">\n<div class=\"cmsmasters_column_inner\"><div class=\"aligncenter\"><div class=\"cmsmasters_img  cmsmasters_image_c\"><a href=\"https:\/\/santamargarita.edu.pe\/web3\/wp-content\/uploads\/2025\/01\/Con-papas--e1737396175671.jpg\"><img decoding=\"async\" src=\"https:\/\/santamargarita.edu.pe\/web3\/wp-content\/uploads\/2025\/01\/Con-papas--e1737396175671.jpg\" \/><\/a><\/div><\/div>\n<\/div><\/div>\n<div id=\"cmsmasters_column_qpl9njjnlm\" class=\"cmsmasters_column one_half\">\n<div class=\"cmsmasters_column_inner\"><div class=\"cmsmasters_text text-white\">\n<p style=\"text-align: justify;\">La alianza entre el colegio y los padres se concreta en un di\u00e1logo peri\u00f3dico con el tutor del alumno. Cada a\u00f1o realizamos m\u00e1s de <strong>3,500 entrevistas<\/strong>. A partir de Secundaria las entrevistas son con los padres, pero tambi\u00e9n con los mismos alumnos, pues se pasa de la dependencia a la autonom\u00eda.<\/p>\n<p style=\"text-align: justify;\">Con las entrevistas se logra:<\/p>\n<ul>\n<li style=\"text-align: justify;\">Que el tutor conozca m\u00e1s sobre el ni\u00f1o en su ambiente familiar.<\/li>\n<li style=\"text-align: justify;\">Acordar un plan de acci\u00f3n con puntos a reforzar o modificar y evaluarlas despu\u00e9s de un periodo.<\/li>\n<li style=\"text-align: justify;\">Que los padres tengan informaci\u00f3n de primera mano sobre c\u00f3mo va su hijo. El tutor tiene expresa delegaci\u00f3n y autonom\u00eda para decidir y atender las sugerencias m\u00e1s significativas para el ni\u00f1o.<\/li>\n<\/ul>\n<\/div>\n<\/div><\/div>\n<\/div>\n<\/div>\n<\/div>\n<\/div>\n<\/div>\n<div id=\"cmsmasters_row_fdvsph7bie\" class=\"cmsmasters_row cmsmasters_color_scheme_default cmsmasters_row_top_default cmsmasters_row_bot_default cmsmasters_row_boxed\">\n<div class=\"cmsmasters_row_outer_parent\">\n<div class=\"cmsmasters_row_outer\">\n<div class=\"cmsmasters_row_inner\">\n<div class=\"cmsmasters_row_margin\">\n<div id=\"cmsmasters_column_p6f2dopfj\" class=\"cmsmasters_column one_first\">\n<div class=\"cmsmasters_column_inner\"><div id=\"cmsmasters_heading_78zwud3yzv\" class=\"cmsmasters_heading_wrap cmsmasters_heading_align_center\">\n\t<h2 class=\"cmsmasters_heading\">Integraci\u00f3n Familiar<\/h2>\n<\/div><div class=\"aligncenter\"><div class=\"cmsmasters_img  cmsmasters_image_c\"><img decoding=\"async\" src=\"https:\/\/santamargarita.edu.pe\/web3\/wp-content\/uploads\/2019\/09\/line.png\" \/><\/div><\/div>\n<div id=\"cmsmasters_divider_z53qrlbj9m\" class=\"cl\"><\/div>\n<div class=\"cmsmasters_text\">\n<p style=\"text-align: justify;\">Con ayuda de los matrimonios coordinadores se organizan actividades de integraci\u00f3n familiar dentro y fuera del colegio. Tenemos la Revista Familiar, por ejemplo, que es un d\u00eda de juegos familiares interpromociones que se desarrolla en la sede Villa Santa Margarita.<\/p>\n<p style=\"text-align: justify;\">Se promueve la organizaci\u00f3n de paseos familiares por promoci\u00f3n, el cual es organizado por los propios padres, entre otras actividades.<\/p>\n<\/div>\n<\/div><\/div>\n<\/div>\n<\/div>\n<\/div>\n<\/div>\n<\/div>\n<div id=\"cmsmasters_row_ut7ea3hczr\" class=\"cmsmasters_row cmsmasters_color_scheme_default cmsmasters_row_top_default cmsmasters_row_bot_default cmsmasters_row_boxed\">\n<div class=\"cmsmasters_row_outer_parent\">\n<div class=\"cmsmasters_row_outer\">\n<div class=\"cmsmasters_row_inner\">\n<div class=\"cmsmasters_row_margin\">\n<div id=\"cmsmasters_column_o1pi5ge46i\" class=\"cmsmasters_column one_third\">\n<div class=\"cmsmasters_column_inner\"><div class=\"aligncenter\"><div class=\"cmsmasters_img  cmsmasters_image_c\"><img decoding=\"async\" src=\"https:\/\/santamargarita.edu.pe\/web3\/wp-content\/uploads\/2019\/12\/IMG_3079.jpg\" \/><\/div><\/div>\n<\/div><\/div>\n<div id=\"cmsmasters_column_ip2aofcln8\" class=\"cmsmasters_column one_third\">\n<div class=\"cmsmasters_column_inner\"><div class=\"aligncenter\"><div class=\"cmsmasters_img  cmsmasters_image_c\"><img decoding=\"async\" src=\"https:\/\/santamargarita.edu.pe\/web3\/wp-content\/uploads\/2025\/01\/IMG_9881.jpg\" \/><\/div><\/div>\n<\/div><\/div>\n<div id=\"cmsmasters_column_2pla2kr8ag\" class=\"cmsmasters_column one_third\">\n<div class=\"cmsmasters_column_inner\"><div class=\"aligncenter\"><div class=\"cmsmasters_img  cmsmasters_image_c\"><img decoding=\"async\" src=\"https:\/\/santamargarita.edu.pe\/web3\/wp-content\/uploads\/2019\/12\/IMG_3089.jpg\" \/><\/div><\/div>\n<\/div><\/div>\n<\/div>\n<\/div>\n<\/div>\n<\/div>\n<\/div>\n<div id=\"cmsmasters_row_gv6jnkodpi\" class=\"cmsmasters_row cmsmasters_color_scheme_default cmsmasters_row_top_default cmsmasters_row_bot_default cmsmasters_row_boxed\">\n<div class=\"cmsmasters_row_outer_parent\">\n<div class=\"cmsmasters_row_outer\">\n<div class=\"cmsmasters_row_inner\">\n<div class=\"cmsmasters_row_margin\">\n<div id=\"cmsmasters_column_m1kmkkgs1o\" class=\"cmsmasters_column one_first\">\n<div class=\"cmsmasters_column_inner\"><div id=\"cmsmasters_heading_tcyfdy5z3k\" class=\"cmsmasters_heading_wrap cmsmasters_heading_align_center\">\n\t<h2 class=\"cmsmasters_heading\">Juntos formamos un equipo para hacer de tu hijo la mejor persona posible.<\/h2>\n<\/div>\n<\/div><\/div>\n<\/div>\n<\/div>\n<\/div>\n<\/div>\n<\/div>\n\n","protected":false},"excerpt":{"rendered":"","protected":false},"author":1,"featured_media":0,"parent":0,"menu_order":0,"comment_status":"closed","ping_status":"closed","template":"","meta":{"footnotes":""},"class_list":["post-16128","page","type-page","status-publish","hentry"],"yoast_head":"<!-- This site is optimized with the Yoast SEO plugin v26.8 - https:\/\/yoast.com\/product\/yoast-seo-wordpress\/ -->\n<title>Familia-Colegio - Colegio Santa Margarita<\/title>\n<meta name=\"robots\" content=\"index, follow, max-snippet:-1, max-image-preview:large, max-video-preview:-1\" \/>\n<link rel=\"canonical\" href=\"https:\/\/santamargarita.edu.pe\/web3\/familia-colegio\/\" \/>\n<meta property=\"og:locale\" content=\"es_ES\" \/>\n<meta property=\"og:type\" content=\"article\" \/>\n<meta property=\"og:title\" content=\"Familia-Colegio - Colegio Santa Margarita\" \/>\n<meta property=\"og:url\" content=\"https:\/\/santamargarita.edu.pe\/web3\/familia-colegio\/\" \/>\n<meta property=\"og:site_name\" content=\"Colegio Santa Margarita\" \/>\n<meta property=\"article:publisher\" content=\"https:\/\/www.facebook.com\/colegiosantamargaritaoficial\/\" \/>\n<meta property=\"article:modified_time\" content=\"2025-01-20T20:06:42+00:00\" \/>\n<meta name=\"twitter:card\" content=\"summary_large_image\" \/>\n<script type=\"application\/ld+json\" class=\"yoast-schema-graph\">{\"@context\":\"https:\/\/schema.org\",\"@graph\":[{\"@type\":\"WebPage\",\"@id\":\"https:\/\/santamargarita.edu.pe\/web3\/familia-colegio\/\",\"url\":\"https:\/\/santamargarita.edu.pe\/web3\/familia-colegio\/\",\"name\":\"Familia-Colegio - Colegio Santa Margarita\",\"isPartOf\":{\"@id\":\"https:\/\/santamargarita.edu.pe\/web3\/#website\"},\"datePublished\":\"2019-09-19T04:26:25+00:00\",\"dateModified\":\"2025-01-20T20:06:42+00:00\",\"breadcrumb\":{\"@id\":\"https:\/\/santamargarita.edu.pe\/web3\/familia-colegio\/#breadcrumb\"},\"inLanguage\":\"es\",\"potentialAction\":[{\"@type\":\"ReadAction\",\"target\":[\"https:\/\/santamargarita.edu.pe\/web3\/familia-colegio\/\"]}]},{\"@type\":\"BreadcrumbList\",\"@id\":\"https:\/\/santamargarita.edu.pe\/web3\/familia-colegio\/#breadcrumb\",\"itemListElement\":[{\"@type\":\"ListItem\",\"position\":1,\"name\":\"Portada\",\"item\":\"https:\/\/santamargarita.edu.pe\/web3\/\"},{\"@type\":\"ListItem\",\"position\":2,\"name\":\"Familia-Colegio\"}]},{\"@type\":\"WebSite\",\"@id\":\"https:\/\/santamargarita.edu.pe\/web3\/#website\",\"url\":\"https:\/\/santamargarita.edu.pe\/web3\/\",\"name\":\"Colegio Santa Margarita\",\"description\":\"Colegio de educaci&oacute;n Inicial, Primaria y Secundaria en Surco, Lima, Per&uacute;.\",\"publisher\":{\"@id\":\"https:\/\/santamargarita.edu.pe\/web3\/#organization\"},\"potentialAction\":[{\"@type\":\"SearchAction\",\"target\":{\"@type\":\"EntryPoint\",\"urlTemplate\":\"https:\/\/santamargarita.edu.pe\/web3\/?s={search_term_string}\"},\"query-input\":{\"@type\":\"PropertyValueSpecification\",\"valueRequired\":true,\"valueName\":\"search_term_string\"}}],\"inLanguage\":\"es\"},{\"@type\":\"Organization\",\"@id\":\"https:\/\/santamargarita.edu.pe\/web3\/#organization\",\"name\":\"Colegio Santa Margarita\",\"url\":\"https:\/\/santamargarita.edu.pe\/web3\/\",\"logo\":{\"@type\":\"ImageObject\",\"inLanguage\":\"es\",\"@id\":\"https:\/\/santamargarita.edu.pe\/web3\/#\/schema\/logo\/image\/\",\"url\":\"https:\/\/santamargarita.edu.pe\/web3\/wp-content\/uploads\/2023\/07\/escudosm_transp.png\",\"contentUrl\":\"https:\/\/santamargarita.edu.pe\/web3\/wp-content\/uploads\/2023\/07\/escudosm_transp.png\",\"width\":124,\"height\":137,\"caption\":\"Colegio Santa Margarita\"},\"image\":{\"@id\":\"https:\/\/santamargarita.edu.pe\/web3\/#\/schema\/logo\/image\/\"},\"sameAs\":[\"https:\/\/www.facebook.com\/colegiosantamargaritaoficial\/\",\"https:\/\/www.linkedin.com\/school\/santamargarita\/\"]}]}<\/script>\n<!-- \/ Yoast SEO plugin. -->","yoast_head_json":{"title":"Familia-Colegio - Colegio Santa Margarita","robots":{"index":"index","follow":"follow","max-snippet":"max-snippet:-1","max-image-preview":"max-image-preview:large","max-video-preview":"max-video-preview:-1"},"canonical":"https:\/\/santamargarita.edu.pe\/web3\/familia-colegio\/","og_locale":"es_ES","og_type":"article","og_title":"Familia-Colegio - Colegio Santa Margarita","og_url":"https:\/\/santamargarita.edu.pe\/web3\/familia-colegio\/","og_site_name":"Colegio Santa Margarita","article_publisher":"https:\/\/www.facebook.com\/colegiosantamargaritaoficial\/","article_modified_time":"2025-01-20T20:06:42+00:00","twitter_card":"summary_large_image","schema":{"@context":"https:\/\/schema.org","@graph":[{"@type":"WebPage","@id":"https:\/\/santamargarita.edu.pe\/web3\/familia-colegio\/","url":"https:\/\/santamargarita.edu.pe\/web3\/familia-colegio\/","name":"Familia-Colegio - Colegio Santa Margarita","isPartOf":{"@id":"https:\/\/santamargarita.edu.pe\/web3\/#website"},"datePublished":"2019-09-19T04:26:25+00:00","dateModified":"2025-01-20T20:06:42+00:00","breadcrumb":{"@id":"https:\/\/santamargarita.edu.pe\/web3\/familia-colegio\/#breadcrumb"},"inLanguage":"es","potentialAction":[{"@type":"ReadAction","target":["https:\/\/santamargarita.edu.pe\/web3\/familia-colegio\/"]}]},{"@type":"BreadcrumbList","@id":"https:\/\/santamargarita.edu.pe\/web3\/familia-colegio\/#breadcrumb","itemListElement":[{"@type":"ListItem","position":1,"name":"Portada","item":"https:\/\/santamargarita.edu.pe\/web3\/"},{"@type":"ListItem","position":2,"name":"Familia-Colegio"}]},{"@type":"WebSite","@id":"https:\/\/santamargarita.edu.pe\/web3\/#website","url":"https:\/\/santamargarita.edu.pe\/web3\/","name":"Colegio Santa Margarita","description":"Colegio de educaci&oacute;n Inicial, Primaria y Secundaria en Surco, Lima, Per&uacute;.","publisher":{"@id":"https:\/\/santamargarita.edu.pe\/web3\/#organization"},"potentialAction":[{"@type":"SearchAction","target":{"@type":"EntryPoint","urlTemplate":"https:\/\/santamargarita.edu.pe\/web3\/?s={search_term_string}"},"query-input":{"@type":"PropertyValueSpecification","valueRequired":true,"valueName":"search_term_string"}}],"inLanguage":"es"},{"@type":"Organization","@id":"https:\/\/santamargarita.edu.pe\/web3\/#organization","name":"Colegio Santa Margarita","url":"https:\/\/santamargarita.edu.pe\/web3\/","logo":{"@type":"ImageObject","inLanguage":"es","@id":"https:\/\/santamargarita.edu.pe\/web3\/#\/schema\/logo\/image\/","url":"https:\/\/santamargarita.edu.pe\/web3\/wp-content\/uploads\/2023\/07\/escudosm_transp.png","contentUrl":"https:\/\/santamargarita.edu.pe\/web3\/wp-content\/uploads\/2023\/07\/escudosm_transp.png","width":124,"height":137,"caption":"Colegio Santa Margarita"},"image":{"@id":"https:\/\/santamargarita.edu.pe\/web3\/#\/schema\/logo\/image\/"},"sameAs":["https:\/\/www.facebook.com\/colegiosantamargaritaoficial\/","https:\/\/www.linkedin.com\/school\/santamargarita\/"]}]}},"_links":{"self":[{"href":"https:\/\/santamargarita.edu.pe\/web3\/wp-json\/wp\/v2\/pages\/16128","targetHints":{"allow":["GET"]}}],"collection":[{"href":"https:\/\/santamargarita.edu.pe\/web3\/wp-json\/wp\/v2\/pages"}],"about":[{"href":"https:\/\/santamargarita.edu.pe\/web3\/wp-json\/wp\/v2\/types\/page"}],"author":[{"embeddable":true,"href":"https:\/\/santamargarita.edu.pe\/web3\/wp-json\/wp\/v2\/users\/1"}],"replies":[{"embeddable":true,"href":"https:\/\/santamargarita.edu.pe\/web3\/wp-json\/wp\/v2\/comments?post=16128"}],"version-history":[{"count":72,"href":"https:\/\/santamargarita.edu.pe\/web3\/wp-json\/wp\/v2\/pages\/16128\/revisions"}],"predecessor-version":[{"id":19613,"href":"https:\/\/santamargarita.edu.pe\/web3\/wp-json\/wp\/v2\/pages\/16128\/revisions\/19613"}],"wp:attachment":[{"href":"https:\/\/santamargarita.edu.pe\/web3\/wp-json\/wp\/v2\/media?parent=16128"}],"curies":[{"name":"wp","href":"https:\/\/api.w.org\/{rel}","templated":true}]}}